of a**4/12 + 5*a**3/3 - 5*a**2 + 2*a + 11. Calculate the remainder when (-6 - 0)*23/(-2) is divided by d(-12).
13
Let a(o) = o**3 - o**2 + 17 + 2347*o - 2387*o - 10*o**2. What is the remainder when a(14) is divided by 12?
9
Suppose -k + 73 = 273. Let y = k + 263. Calculate the remainder when 312 is divided by y.
60
Let g(l) = 15*l**2 - 271*l + 31. What is the remainder when 1815 is divided by g(18)?
8
Let j(f) = -1. Let h(g) = -10*g - 7. Suppose -4*m - 7*m = -66. Let v(q) = m*j(q) + h(q). Calculate the remainder when v(-4) is divided by 11.
5
Suppose -197 = 9*s + 379. Let a = s - -108. Suppose a + 116 = 5*t. What is the remainder when t is divided by 18?
14
Suppose -26951 = -11*m + 29589. Calculate the remainder when m is divided by 21.
16
Let n = -14800 - -15160. What is the remainder when n is divided by 79?
44
Suppose -4*b = -2*z + 78, -z - 15*b = -10*b - 53. Calculate the remainder when 237 is divided by z.
22
Let l be ((-4)/(-6))/((-3)/(-18)). Suppose -2*x = 4*n + 18 - 88, l*x = n - 4. Calculate the remainder when 57 is divided by n.
9
Suppose 0 = 2*h + 587 - 709. What is the remainder when 167 is divided by h?
45
Let b(j) = -j - 10. Let q be b(-6). Let r = -715 - -723. Calculate the remainder when q - -4 - 3 - -40 is divided by r.
5
Let q(w) = -w**2 + 10*w - 7. Let s be q(7). Let f = -7 + s. Suppose 0 = 26*n - 45*n + 361. Calculate the remainder when n is divided by f.
5
Let t(v) = -2*v**2 - 34*v - 16. Let i(k) = k**3 - 4*k**2 - 7*k + 3. What is the remainder when t(-9) is divided by i(6)?
29
Suppose 824*k + 7799 = 828*k - 3*t, 0 = 5*k - 3*t - 9745. What is the remainder when k is divided by 152?
122
Let q(c) = -c + 11. Suppose 18 = 9*p - 0. Suppose 17*l - 21*l + p*m + 108 = 0, 0 = 4*l + 2*m - 124. What is the remainder when l is divided by q(0)?
7
Suppose 0 = -g - 0*g + 4, 4*p + 84 = -3*g. Let f = p - -23. Calculate the remainder when (-25)/(-2)*(f + 3) is divided by 7.
4
Let x(s) = 2*s**2 - 7. What is the remainder when (170/5 - 15) + 101 is divided by x(5)?
34
Suppose -3*a = 4*y - 6410 + 832, y = -3*a + 5575. Calculate the remainder when a is divided by 71.
12
Suppose 3*q + 9*r - 177 = -12*r, 5*r - 397 = -4*q. Calculate the remainder when 2049 is divided by q.
105
Let z = 14311 - 13067. What is the remainder when z is divided by 124?
4
Calculate the remainder when 21108 is divided by ((-51)/9 + 5 + -1)/((-5)/33).
10
Let h(b) be the first derivative of -4*b**2 - 66*b + 75*b + 18 + 3*b**2. What is the remainder when 74 is divided by h(-6)?
11
Suppose -2*u + 91 = -0*t + t, -3*t + 129 = 3*u. Let v = -49 + u. What is the remainder when v/6 + 49/6 is divided by 5?
3
Let z = -53 - -117. Let k = z - -147. Suppose -x + 3*x - 130 = -2*p, 3*x - 5*p - k = 0. Calculate the remainder when x is divided by 17.
16
Let c(p) = -892*p + 1927. What is the remainder when c(-5) is divided by 3?
0
Let w be -6*4/204 - 22803/(-51). Suppose 112 = 13*u - w. Calculate the remainder when u is divided by ((-2)/4)/((-5)/250).
18
Let c(g) = 192*g**2 - 101*g + 190. Calculate the remainder when 759 is divided by c(2).
3
Let p(o) be the third derivative of 5*o**4/12 + 2*o**2 - 11. What is the remainder when 137 is divided by p(3)?
17
Suppose -3*z = -3, 3*z = 5*i - 178 - 84. What is the remainder when 221 is divided by i?
9
Calculate the remainder when 21410 is divided by (-257267)/(-6606) + (-1)/(-18).
38
Let o = -700 - -409. Let t = o - -383. Calculate the remainder when 267 is divided by t.
83
Let x = 5734 + -5012. Calculate the remainder when x is divided by 43.
34
Let t(c) = -5*c - 388. Let p be t(6). Let f = 433 + p. Calculate the remainder when 267 is divided by f.
12
Calculate the remainder when 13/(117/2) - (-21540)/27 is divided by 47.
46
Suppose -l - 4*l - 1198 = 4*z, 0 = -4*l - 3*z - 959. Let u = l - -313. What is the remainder when 635 is divided by u?
67
Let g = -23311 - -23614. Calculate the remainder when g is divided by 123.
57
Suppose 60*s = 53*s + 203. Suppose 72 = -25*x + s*x. What is the remainder when 43 is divided by x?
7
Let j(t) = 7*t**3 + 13*t**2 - 169*t + 13. What is the remainder when j(8) is divided by 18?
17
Let w(l) = 14*l - 129. What is the remainder when 268 is divided by w(11)?
18
Let g(q) = -q**2 - 7*q + 13. Let j be g(-8). Suppose 0*n - 10 = -j*n, -4*f + 38 = 3*n. Calculate the remainder when 79 is divided by f.
7
Suppose 16*i - 140 = 14*i + t, 3*i = 3*t + 201. Calculate the remainder when 524 is divided by i.
13
Let g(k) = 7*k**2 - 411*k - 19. What is the remainder when 289 is divided by g(59)?
91
Let g = -38 - -42. Suppose g*z + 4 = -0*z. Calculate the remainder when 37 is divided by z*76/(0 - 4).
18
Let c = -9 - -13. Suppose 4*h = -8, c*k + 4*h + 22 = 6*k. What is the remainder when 60 is divided by k?
4
Let r(o) be the third derivative of -127*o**4/24 - 28*o**3/3 - 207*o**2. Calculate the remainder when r(-1) is divided by 41.
30
Suppose -3*l + 54 + 117 = 3*z, -z + 3*l = -49. What is the remainder when 422 is divided by z?
37
Suppose 475*m = 476*m - 1908. Calculate the remainder when m is divided by 147.
144
Suppose 8*p - 7*p = -2. Let c be (-56)/p - (5 - (5 - -2)). Suppose 2*s - 32 = -4*x + c, 3*s = 4*x - 67. Calculate the remainder when 63 is divided by x.
15
Let h(k) = k**3 + 16*k**2 - 21*k + 14. Let t be h(-16). Suppose -118*r + 113*r + t = 0. What is the remainder when r is divided by 36?
34
Let h = 532 + -525. What is the remainder when (45/6)/5*12 is divided by h?
4
Let j = 1430 - 1140. What is the remainder when 356 is divided by j?
66
Let n = 10 - 14. Let q(j) = 1946 + 1940 - 7*j + 1944 - 5828. What is the remainder when 84 is divided by q(n)?
24
Suppose -g = 2*b - 1, 0*b + 3*g = -5*b. Suppose 32 = 2*x + b*x - 2*o, -3*o - 3 = 0. Suppose 81 = 68*u - 65*u. What is the remainder when u is divided by x?
3
Suppose -4*n = 4*b + 32, 3*b + 14 = -n - 2. What is the remainder when 8/n + 10782/18 is divided by 12?
9
Suppose 12430 = 33*x + 11242. What is the remainder when 4856 is divided by x?
32
Suppose 4*v = 2*l + 171 + 283, 2*l - 450 = -4*v. What is the remainder when v is divided by 70?
43
Let m(w) = -2*w**2 + 24*w - 12. Let c be m(11). Suppose -3*l = 3*i - 27, -8*i - 32 = -4*l - c*i. What is the remainder when 13 is divided by l?
6
Suppose 473*a - 4100 = 423*a. Calculate the remainder when 1079 is divided by a.
13
Suppose -12*g - 64 = 368. Calculate the remainder when (1107/3)/(-3)*g/27 is divided by 34.
28
Let t = -31 - -47. Suppose 3*v - t = 11. Suppose 96*i = 78*i + 576. What is the remainder when i is divided by v?
5
Let b = -106 + 115. Suppose 87 = -6*v + b*v. Let n(c) = 9*c + 39. Calculate the remainder when n(18) is divided by v.
27
Let s be 4/(-9) + (9 - (-3992)/72). Suppose -4*o + 166 = -4*c - 26, 0 = -5*c + 3*o - 244. Let n = s + c. Calculate the remainder when 97 is divided by n.
13
Let g(j) = 17*j**2 + 35*j + 161. What is the remainder when 2292 is divided by g(-3)?
202
Suppose 7769 - 7643 = w. What is the remainder when 449 is divided by w?
71
Let r = 6224 - 6106. Calculate the remainder when r is divided by 72.
46
Let p = -25 - -58. Calculate the remainder when (5744/(-80) - 7)*15/(-6) is divided by p.
32
Let x(r) = r**2 + 4*r**2 + 7*r**3 - 7*r**2 + 0*r**3 + 10 - 6*r + 4. Calculate the remainder when x(2) is divided by 13.
11
Suppose 0 = -11*l - 37*l + 14736. What is the remainder when l is divided by 103?
101
Suppose 5*k - 15 = 15, -2*k = 5*b - 18497. What is the remainder when b is divided by 34?
25
Calculate the remainder when 2062 is divided by (-32)/(-66) + (-2)/(-11) + 12876/261.
12
Suppose 9*z + 9*z + 13*z = 2573. Calculate the remainder when 152 is divided by z.
69
Suppose 2*j + 2*j + 66 = b, 3*j - 153 = -3*b. Suppose -b = 5*w + 16. Let h(t) = -4*t - 29. What is the remainder when h(w) is divided by 16?
11
Let y be 2/(-5) - (14768/(-20) + -6). Suppose 15*b - y = 3*b. What is the remainder when b is divided by 18?
8
What is the remainder when 618 is divided by 11 - (-107 - (17 + -5))?
98
What is the remainder when 12/342 + (-9232)/(-57) is divided by 7?
1
Suppose 78*z = 80*z + 4*f + 4, 5*z = -4*f + 20. What is the remainder when 268 is divided by z?
4
Let h = -52 + 94. Let g = -2962 + 3129. What is the remainder when g is divided by h?
41
Suppose -i + 178 = 2*w, 3*i - 2*i - 166 = 4*w. Suppose 5*l - i = 